t is the greatest common divisor of z and 40?
4
Let z = -6 - -51. What is the greatest common factor of z and 9?
9
Suppose -f - o = -15, -3*f = 5*o - 44 - 11. What is the greatest common factor of f and 70?
10
Let d be 1*4*(-93)/12. Let g = -19 - d. Calculate the highest common divisor of g and 8.
4
Let k = -2 - 7. Let r = k - -10. Let u = 12 - 5. Calculate the greatest common factor of u and r.
1
Suppose -2*w - 12 = 8. Let q(y) = -y**2 - 12*y - 12. Let k be q(w). Calculate the greatest common divisor of k and 32.
8
Let i be -12*((-20)/6 + 3)*5. Let t(x) = -x**2 + 10*x - 4. Let r be t(9). Calculate the highest common factor of r and i.
5
Let t(p) = -p + 3. Let q be t(5). Let j be q/8 - (-1985)/20. What is the greatest common divisor of 9 and j?
9
Suppose 5*n - n = u + 9, 9 = 5*n - 2*u. Calculate the greatest common factor of n and 6.
3
Let b(g) be the first derivative of -g**3/3 + g**2/2 + 27*g + 2. Let a be b(0). Calculate the highest common factor of 189 and a.
27
Let i(q) = -q. Let s be i(-2). Let f be 20 - 2 - (s + 0). Suppose 2*y + 36 = 5*d, -2*d - 3*y + 38 = 2*d. Calculate the highest common factor of f and d.
8
Let j(x) = -x + 12. Let y be j(0). Calculate the highest common divisor of 4 and y.
4
Let u = 684 - 450. Calculate the greatest common divisor of u and 26.
26
Let f(x) = 6*x + 2. Let r be f(1). Suppose 5*p + 45 = 3*m, -5*m + 4*p + p + 85 = 0. What is the highest common divisor of m and r?
4
Let f(w) = -w**2 - 4*w + 3. Let d be f(-4). Let t = -13 - -14. Calculate the highest common divisor of t and d.
1
Let s(j) = 28*j - 12. Let v(l) = 4*l + 5 - 13*l - 1. Let g(p) = 5*s(p) + 16*v(p). Let a be g(-4). Calculate the highest common divisor of a and 5.
5
Suppose 4*k - 124 = 2*k. Calculate the greatest common divisor of 93 and k.
31
Suppose -6 + 2 = n, -2*g - 5*n - 12 = 0. Suppose 15 = -g*m + 83. Let z(c) = 5*c**2 + 5. Let a be z(-4). What is the greatest common factor of m and a?
17
Suppose -6 = -0*v + v. Let n be (3*-1)/(v/8). Suppose 2 = c, i + n*c - 44 = 27. What is the greatest common divisor of i and 9?
9
Let z(m) = -m - 7. Let r be z(0). Suppose -3*j - 6 = 3*u + 24, -4*j - 47 = -3*u. Let b = r - j. Calculate the greatest common divisor of b and 44.
4
Let m = -14 - -20. Suppose -h + 0*h = 2*n - 199, -2*h = -4*n - 430. Let s = -141 + h. Calculate the greatest common divisor of s and m.
6
Let y = -9 + 15. Let u = -10 + 14. Calculate the greatest common factor of u and y.
2
Let y = 16 - -8. What is the greatest common factor of y and 6?
6
Suppose -n - 1158 = -4*n. Let b = n + -274. Suppose 4*f - 2*f = 28. What is the highest common divisor of b and f?
14
Suppose 3*y = -0*y + 9. Let p be ((-1)/y)/(2/(-30)). Suppose -3*s - 41 = -2*i, 2*s = -2*i + 82 - 26. What is the highest common factor of i and p?
5
Let j be ((-12)/(-10))/(3/15). Let b = 21 - j. What is the highest common factor of b and 10?
5
Let r(n) = -n + 10. Let f = -3 + 8. Let d be r(f). Suppose -4*m + 176 = -4*l, -d*l = 5*m - l - 229. Calculate the highest common factor of m and 9.
9
Suppose m - 42 = -35. What is the highest common factor of m and 35?
7
Let c be 96/(-36) - (-2)/3. Let w be ((-84)/9)/(c/3). What is the highest common factor of 98 and w?
14
Suppose -2*f - 22 = -4*k, 4*k + f - 7 - 12 = 0. What is the highest common factor of 1 and k?
1
Suppose 7*b - 6*b - 11 = 0. Let s(x) = x**3 - 6*x**2 + 3*x - 9. Let a be s(7). Let g = -6 + a. Calculate the greatest common divisor of b and g.
11
Let x = 5 - -15. Let s = -7 + x. Calculate the greatest common divisor of s and 13.
13
Let w = -24 + 40. Calculate the highest common factor of w and 176.
16
Let l(y) = -y**3 - 8*y**2 - 12*y - 3. Let d be l(-7). Suppose -2*b + d = -5*i, 3*b - 4*i + 2*i - 26 = 0. Calculate the highest common divisor of 42 and b.
6
Suppose 0 = -8*n + 10*n + 4. Let c be n*(38/(-4) - -4). What is the highest common factor of 99 and c?
11
Suppose -r = 2*x - 10 - 1, 3*x - r - 29 = 0. Calculate the greatest common factor of 8 and x.
8
Let h(k) = 12*k**2 - 2*k + 4. Let v be h(3). Let a be (-3)/(-9) - 308/6. Let i = v + a. Calculate the greatest common divisor of i and 11.
11
Let h be (-4)/10 + 135/25. Suppose 0 = -3*z + h + 7. Let k be z/(-6) - (-56)/21. What is the greatest common divisor of 2 and k?
2
Let u = -3 - -5. Suppose 13 = -3*c - u. Let w be c/(5/(-3)) - -7. Calculate the greatest common factor of 10 and w.
10
Let k = 1036 - 1032. Let y(h) = -h**3 - h**2 - h + 28. Let i be y(0). What is the greatest common factor of k and i?
4
Let x be 1 + 2 - 5/(-1). Let t = x - -1. What is the highest common factor of 1 and t?
1
Let p(w) = -w**2 + 24*w + 9. Let c be p(19). What is the greatest common factor of 13 and c?
13
Let b be (-4046)/51*6/(-2). What is the greatest common factor of b and 34?
34
Let o = 14 - -4. What is the highest common factor of 54 and o?
18
Suppose 0*g = -4*g. Suppose g = 5*h - 0*h. Suppose h = d - 6*d + 195. What is the greatest common factor of 26 and d?
13
Suppose 0 = 2*b - 6*b + 756. Let r be 24 - 1 - (-3 - -5). What is the greatest common factor of r and b?
21
Let l = 11 - -5. Let s be (-1)/2*-1*l. Calculate the greatest common divisor of s and 8.
8
Let q be (6/9)/(1*(-2)/(-96)). Calculate the highest common divisor of 80 and q.
16
Let n(i) = 7*i**2 - 2*i - 2. Let g be n(-1). Suppose -f - 5*d + 5 = 0, -f - 6*d + g = -2*d. Calculate the highest common factor of 5 and f.
5
Let u be 3 + -3 + -6 + 3. Let j be -3 - (-2 + (u - 158)). Calculate the highest common factor of j and 20.
20
Suppose -v - 3*f + 0*f = -93, 3*v = 3*f + 267. Let h be 2/(-5) - 208/(-20). What is the greatest common divisor of h and v?
10
Suppose -44 = -4*p + 32. What is the highest common factor of p and 171?
19
Let c = -6 + 6. Suppose -5*d - 2*v = -6*v - 65, -5*v = c. Suppose -t - 49 = -2*u, 3*t = -4*u - 0*t + 113. What is the greatest common divisor of d and u?
13
Suppose -1560 = 5*m - 10*m. What is the greatest common factor of 39 and m?
39
Suppose 3*w = 8*w + 10. Let n be (w/(-2) + -2)*-3. Let j(a) = -a**3 + 4*a**2 - 3*a + 4. Let p be j(n). Calculate the highest common factor of p and 36.
4
Let w = 22 + -16. Let s = -10 + w. Let m = -1 - s. What is the highest common divisor of 2 and m?
1
Let x be (-1)/(-2) + 14/4. Suppose 0 = x*s - 2*u - 25 - 31, -5*s + 4*u = -73. Let j be (-154 - 2)*6/(-8). Calculate the greatest common divisor of j and s.
13
Suppose 5*m = 18 + 2. Calculate the highest common factor of 12 and m.
4
Suppose -5*a = -10 - 45. Calculate the greatest common factor of a and 33.
11
Let q = -13 - -28. Let o be 5/(q/174) - 3. What is the greatest common divisor of o and 11?
11
Let p = 77 + -69. Calculate the greatest common divisor of 8 and p.
8
Let o(y) = -y**3 + 5*y**2 + 2*y + 4. Let n be o(6). Let p be 3/4 + (-225)/n. What is the highest common divisor of p and 60?
12
Let a(b) = 7*b**2 + b + 3. Let n be a(-3). Suppose 19 = 4*j - 2*j + m, j = 3*m + 6. Calculate the greatest common factor of n and j.
9
Suppose -9 + 2 = u. Let f = 11 - u. Suppose 10*g = 8*g + 12. What is the highest common divisor of f and g?
6
Let f(d) = 2*d**2 - 4*d. Let y be f(6). Suppose 10*t - y = 6*t. Let u = -62 - -146. Calculate the greatest common divisor of u and t.
12
Suppose -o + 5 + 4 = 0. Let l(f) = -12*f - 9. Let u be l(-6). Calculate the highest common factor of o and u.
9
Let g = -11 + 16. Suppose 0 = -g*z - 10, 5*b - 54 = b + z. Suppose 0 = 4*k + l - 81, -b = 2*k + 3*l - 56. What is the greatest common divisor of 4 and k?
4
Let s(p) = p**3 + 9*p**2 - 5*p + 5. Let l be 0 + -9 - (-13 - -10). Let t be s(l). Calculate the highest common divisor of t and 13.
13
Let y = 72 - 61. Let a be (1/(-2))/(2/(-12)). Let p = a + y. Calculate the greatest common divisor of 126 and p.
14
Let l(a) = -a**3 - a + 11. Let q be l(0). What is the greatest common divisor of q and 33?
11
Suppose 0*g = -2*g + 4. Suppose g*k = -0*k + 120. What is the greatest common divisor of 12 and k?
12
Let x(u) = u**3 - u**2 + 3*u - 5. Let i be x(2). Let j = 3 - -2. Suppose 20 = 5*z - j. What is the greatest common divisor of z and i?
5
Suppose 6*s + s = 588. Calculate the highest common factor of 28 and s.
28
Suppose -1 = b - 3*p, -2 = 4*b - 5*p + 2. Suppose -10 = 11*o - 6*o. Let f be (-40)/o - b*1. What is the greatest common divisor of 7 and f?
7
Suppose